= -n - 3. What is the units digit of k*n*22/2?
2
Let r(b) = 2*b**3 - 8*b**2 - 7*b - 17. What is the tens digit of r(7)?
2
Let n(g) = 14*g**2 - 7*g + 1. What is the hundreds digit of n(-8)?
9
Let r(n) = -2*n**3 - 11*n**2 - 6*n + 3. Let v(p) = -p**3 + 2*p**2 + 8*p - 6. Let u be v(4). What is the units digit of r(u)?
5
Let f(w) = w + 10. Let j be f(-8). Suppose 3*q + x - 2*x + 10 = 0, 2 = -5*q - j*x. Let g(m) = -8*m**3 - 3*m**2 - 2*m - 1. What is the units digit of g(q)?
5
Suppose 0 = -3*z, n + 15 - 228 = -5*z. Let h = -99 + n. Suppose -3*r = -4*g + h, 0*g = -g + 3*r + 24. What is the units digit of g?
0
Suppose c - 12 = -4*x - 0*c, 10 = x + 2*c. Suppose 0 = 3*l + x*l - 10, -4*v + 2*l = -444. What is the tens digit of v?
1
Let y(r) be the third derivative of r**5/60 + 5*r**4/12 - 7*r**3/3 - 3*r**2. What is the tens digit of y(-15)?
6
Let g(b) = b**2 + 4. Let o be g(0). Let j = -247 - -247. Suppose j = o*p + 54 - 226. What is the tens digit of p?
4
Suppose 0 = -c + 3 + 2, -4*a = 5*c - 837. Let r = -114 + a. What is the tens digit of r?
8
What is the units digit of 51 + -57 + -2 + (0 - -1777)?
9
What is the hundreds digit of 1500/8 + (-2 - 10/(-4))?
1
Let z = 13 - 6. Let j be 0 - (3 - z) - 8. What is the tens digit of (-1)/(j + 572/144)?
3
Let o be -3 + 0 + 5 + -65. Let x be (-3)/(-4) + o/4. What is the units digit of -10*(48/x)/4?
8
Let s(f) = f**3 - 17*f**2 - 17*f - 16. Let i be s(18). Let h(m) = -2*m**2 + 21*m**2 + 21*m**i + 1. What is the units digit of h(-1)?
1
Suppose 4*c - 2*c + 1205 = 3*z, 25 = 5*c. What is the tens digit of z?
0
Suppose -10*n + 208 = 68. What is the units digit of n?
4
Let u(t) = -t + 3. Let v be u(-2). Suppose -2*b + v*d = -115, -4*d + 76 - 12 = b. What is the units digit of b?
0
Let l(k) = -k**2 + 1. Let t(q) = -q**3 + 2*q - 7. Let v(u) = l(u) + t(u). What is the units digit of v(-6)?
2
Let l(o) = 2*o**2 + 4*o + 2. Let q be l(-3). Let v = q - -15. Suppose -v + 8 = -5*p. What is the units digit of p?
3
Let v(z) = -z**3 - 8*z**2 + z + 12. Let t be v(-8). Suppose x = -5*g + 166, 4*x - t*g - 639 = g. What is the hundreds digit of x?
1
Let w(s) = 18*s**3 - 5*s**2 + s + 4. What is the hundreds digit of w(3)?
4
Suppose 0*d = 3*d. Suppose -3*v = h - 357, 5*v + h - 114 - 481 = d. What is the tens digit of v?
1
Suppose 2*x = -2*a - a - 16, 5*a + 31 = x. What is the tens digit of (22/a - -4)*141?
4
Let r = 17 + -12. Suppose 3*t + r*q + 6 = -1, -t = -q - 11. Let k = t + -4. What is the units digit of k?
2
Let r = 2311 + -1588. What is the units digit of r?
3
Let n(d) = -2*d - 26. Let c be n(-14). Let a = 17 + c. What is the units digit of a?
9
Suppose 2*p + 5 = p. Let b = p - -9. Suppose 2*z + 52 = b*z. What is the units digit of z?
6
Suppose -3*o - 2*n = -2*o - 794, 4*n + 1588 = 2*o. What is the tens digit of o?
9
Let m be 5/20 - 4/((-16)/663). What is the tens digit of ((-6)/1)/(1 + 1) + m?
6
Let b = 4 + -4. Suppose b = -0*j - 5*j. Suppose j = 2*m + 10 - 12. What is the units digit of m?
1
Let d = -38 + 37. Let l = d + 21. What is the tens digit of l?
2
Suppose -5*j = 4*i - 51 + 14, -3*j + 15 = 0. Suppose -3*n = -f - 10, -f + 2 = i. Suppose 4*z - 68 = 2*k - n*k, 5*z - 85 = -5*k. What is the tens digit of z?
1
Let d(g) = 40*g - 321. What is the tens digit of d(42)?
5
Let j = 3439 - 1113. What is the hundreds digit of j?
3
Suppose 5*d - 4*t = -9*t - 3940, 3*d + 4*t = -2367. What is the units digit of (-1)/(5/d + 0)?
7
Suppose -z = -5*z. Suppose -4*i = -z*i - 376. What is the units digit of i?
4
What is the tens digit of -5 + 2236/(-2 + 4)?
1
Let a(v) = 158*v - 263. What is the units digit of a(9)?
9
What is the units digit of -2*(-78 - -1 - 2) + 0?
8
Let d = -57 - -78. Suppose -d*p = -16*p - 40. What is the units digit of p?
8
Suppose 0 = 3*b - 5*b + 1710. Suppose -120 + b = 7*y. What is the units digit of y?
5
Suppose -h + 227 + 7523 = 4*l, 5*h = -4*l + 7758. What is the units digit of l?
7
Let j(n) = 3*n - 7. Let v be j(3). Suppose v*o + 2*s - 2 = 10, 2*o - 12 = -4*s. Suppose -4*y + o*y = 118. What is the tens digit of y?
5
Let k(z) be the first derivative of 5/2*z**2 + 3*z + 6 + 2*z**3 + 1/4*z**4. What is the tens digit of k(-4)?
1
Suppose -4*c + 2*s + 6740 = 0, -c - 1675 = -2*c - 2*s. What is the units digit of c/55 - 3/5?
0
Let s(j) = -j**3 + 2*j**2 - 1. Let u be (((-3)/1)/3)/(-1). Let z be s(u). What is the tens digit of 8 + -6 - (z - 18)?
2
Suppose 5*d = 7*d - 4. Suppose -d*z = -s + 1 - 3, -3*z - 4*s + 14 = 0. Suppose -z = 2*b - 30. What is the tens digit of b?
1
Let r be 10/(-35) - (-16)/7. Suppose 0 = r*w - 6. Suppose w*u + 24 = n + 2*n, -3*u - 12 = -n. What is the units digit of n?
6
Suppose -669 = -v - p + 208, 4*v = -2*p + 3506. What is the units digit of v?
6
Suppose -10*o + 4 + 6 = 0. What is the tens digit of 118 + 0 + o - (4 + -6)?
2
Let k = -330 - -177. Let d = k - -229. What is the units digit of d?
6
Let x be ((-4)/8)/(2/(-12)). Suppose -8 = -l - 4*o, 5*l - 21 = 2*o - x. What is the units digit of (27/(-6) + l)*-4?
2
Let b(z) = 2*z**2 - 17*z + 5. Let g(i) = -i**2 + 9*i - 3. Let t(o) = 3*b(o) + 5*g(o). Let l be t(5). Let s = 19 + l. What is the tens digit of s?
1
Let u = -3125 - -6325. What is the units digit of u?
0
Suppose 2*p - 22 = -4*d, 5 = p + 4*p. Suppose 0 = -n + d*x + 24, 16 = 3*x + 4. What is the tens digit of n?
4
What is the tens digit of 15*(-1 - (-6)/3)?
1
Suppose 0 = -3*u + u + 4, 5*r - 5*u = 95. Let i(o) = o**3 + 4*o**2 - 4*o + 7. Let v be i(-5). Suppose v*s - r = 21. What is the units digit of s?
1
Let g = -72 + 226. Let j = -48 + g. What is the tens digit of j?
0
Let p = 1271 - -199. What is the units digit of p?
0
Suppose 2*b + 4*k + 61 = b, 187 = -2*b + 5*k. Let w = 158 + b. What is the tens digit of w?
7
Let p(s) = -12*s + 19. Let y be p(9). What is the tens digit of 4 + -1 + 0 - y?
9
Suppose 3 - 15 = -4*h, 0 = -2*q + 2*h + 460. What is the units digit of q?
3
Let v = -202 + 336. Let n be v/4 - 1/(-2). Let l = n + -8. What is the units digit of l?
6
Let p(u) = 6 - 80*u + 9 - 23. What is the hundreds digit of p(-2)?
1
Let t(u) = 2*u - 6. Let d be t(6). Let s(z) = z**3 - 3*z**2 - 6*z - 2. What is the units digit of s(d)?
0
Suppose 13*q - 5003 = 1211. What is the tens digit of q?
7
Suppose 13*n - 8 = 12*n. Suppose -r + n*r - 441 = 0. What is the tens digit of r?
6
Let m(c) = 6*c + 30. Let d(x) = 12*x + 60. Let u(i) = -5*d(i) + 9*m(i). What is the tens digit of u(-7)?
1
Suppose -a + 4*a = 102. Let q(b) = b**3 - 4*b**2 - 15*b + 6. Let t be q(6). What is the tens digit of t + 11 - (0 - a)?
3
Let g(d) = -d + 0*d - 11 - 2*d. Let p = -2 - 2. What is the units digit of g(p)?
1
Suppose -4*c + 2*c = 5*a - 3180, c - 3180 = -5*a. What is the tens digit of 3/(-6) - a/(-8)?
7
Suppose 24*u + 23712 = 30*u. What is the hundreds digit of u?
9
Let f(j) = 37*j**2 + 54*j + 47. What is the thousands digit of f(7)?
2
Let m(k) = 5 + 9*k - 4 + 8 + 5*k. What is the units digit of m(4)?
5
What is the units digit of 6/7*(84 + 21)?
0
Let g(w) = -w**2 + 15*w - 6. Let t be g(12). Let j be 71/6 - (-5)/t. Suppose j + 21 = r. What is the tens digit of r?
3
Suppose -4*s + 138 = -30. Suppose 45*z - s*z = 234. What is the tens digit of z?
7
Let h(t) = -t**2 - 8*t - 7. Let p be h(-6). Let y = p - 1. Suppose -5*l = -y*l - 16. What is the tens digit of l?
1
Let s(z) = -3*z - 5. Let v be s(-4). Suppose -3*x + r - 9 = -2, 5*r - 5 = 0. Let t = v - x. What is the units digit of t?
9
Let g(n) = n**2 - 2*n - 8. Let o be g(5). Suppose q = -o*q + 744. What is the units digit of q?
3
Let z = -12 + 17. Suppose 5*c - 375 = -z*d, 355 = 5*d - 0*c + c. Suppose -y + d = y. What is the units digit of y?
5
Let h(l) be the first derivative of -16*l**3/3 - l**2 + l + 4. Let y be h(-2). Let c = 83 + y. What is the units digit of c?
4
Let z(h) = -3*h + 4*h + 2 - 2*h**2 - 8 + 3*h. Let m be z(6). What is the units digit of 6/10 + m/(-10)?
6
Suppose -d - 3 = 2*d, -4*u - 5*d + 635 = 0. What is the hundreds digit of u?
1
Suppose n + 3*n - 3*f = 30, -f - 32 = -5*n. What is the tens digit of 874/57*n/4?
2
Let g = 31 - 27. Let y = g + 39. What is the tens digit of y?
4
Let c be (-80)/45*6/4*-3. Suppose -c*d + 104 = -40. What is the tens digit of d?
1
What is the units digit of 5 - (1/(-2))/((-5)/(-6190))?
4
Let p = -170 - -247. What is the tens digit of p?
7
